{"version":"1.0","type":"rich","width":"560px","height":"140px","title":"Freiheit f\u00fcr Carles Puigdemont &#8211; Proteste vor der JVA Neum\u00fcnster - Eindr\u00fccke und Zusammenfassung der Proteste am 25. M\u00e4rz 2018 & den Forderungen f\u00fcr die Freiheit von Carles Puigdemont und anderen politischen Gefangenen","url":"https:\/\/freiesradio-nms.de\/2018\/freiheit-fuer-carles-puigdemont\/","author_name":"Freies Radio Neum\u00fcnster - Aktuelle Berichte & Sendungen zum Nachh\u00f6ren","author_url":"https:\/\/freiesradio-nms.de","thumbnail_url":"http:\/\/freiesradio-nms.de\/wp-content\/uploads\/2018\/03\/IMG_20180325_203519083.jpg","html":"<iframe width=\"560px\" height=\"140px\" src=\"https:\/\/freiesradio-nms.de\/2018\/freiheit-fuer-carles-puigdemont\/?standalonePlayer\"><\/iframe>"}

Freiheit für Carles Puigdemont &#8211; Proteste vor der JVA Neumünster - Eindrücke und Zusammenfassung der Proteste am 25. März 2018 & den Forderungen für die Freiheit von Carles Puigdemont und anderen politischen Gefangenen

Freies Radio Neumünster - Aktuelle Berichte & Sendungen zum Nachhören
