{"version":"1.0","type":"rich","width":"560px","height":"140px","title":"Umfrage zum Internationalen Frauentag in Neum\u00fcnster - Aktuelle Mitteilung des Oberb\u00fcrgermeisters, verlesen durch die Gleichstellungsbeauftragte der Stadt Neum\u00fcnster Michaela Z\u00f6llner. Ein Kommentar von Ingo Schumann.","url":"https:\/\/freiesradio-nms.de\/2019\/umfrage-zum-internationalen-frauentag-in-neumuenster\/","author_name":"Freies Radio Neum\u00fcnster - Aktuelle Berichte & Sendungen zum Nachh\u00f6ren","author_url":"https:\/\/freiesradio-nms.de","thumbnail_url":"http:\/\/freiesradio-nms.de\/wp-content\/uploads\/2019\/02\/13020961533_4ece828ed0_b-1024x683.jpg","html":"<iframe width=\"560px\" height=\"140px\" src=\"https:\/\/freiesradio-nms.de\/2019\/umfrage-zum-internationalen-frauentag-in-neumuenster\/?standalonePlayer\"><\/iframe>"}

Umfrage zum Internationalen Frauentag in Neumünster - Aktuelle Mitteilung des Oberbürgermeisters, verlesen durch die Gleichstellungsbeauftragte der Stadt Neumünster Michaela Zöllner. Ein Kommentar von Ingo Schumann.

Freies Radio Neumünster - Aktuelle Berichte & Sendungen zum Nachhören
