{"version":"1.0","type":"rich","width":"560px","height":"140px","title":"Nachh\u00f6ren: Das August-Haart Caf\u00e9 on Air \u00fcber die Situation in Afghanistan unter den Taliban","url":"https:\/\/freiesradio-nms.de\/2022\/nachhoeren-das-august-haart-cafe-on-air-ueber-die-situation-in-afghanistan-unter-den-taliban\/","author_name":"Freies Radio Neum\u00fcnster - Aktuelle Berichte & Sendungen zum Nachh\u00f6ren","author_url":"https:\/\/freiesradio-nms.de","thumbnail_url":"https:\/\/freiesradio-nms.de\/wp-content\/uploads\/2022\/08\/haart_cafe_august_2022.jpg","html":"<iframe width=\"560px\" height=\"140px\" src=\"https:\/\/freiesradio-nms.de\/2022\/nachhoeren-das-august-haart-cafe-on-air-ueber-die-situation-in-afghanistan-unter-den-taliban\/?standalonePlayer\"><\/iframe>"}

Nachhören: Das August-Haart Café on Air über die Situation in Afghanistan unter den Taliban

Freies Radio Neumünster - Aktuelle Berichte & Sendungen zum Nachhören
