{"version":"1.0","type":"rich","width":"560px","height":"140px","title":"Thema im Haart-Caf\u00e9:  Landminen in Fl\u00fcchtlingsl\u00e4ndern \u2013 eine t\u00f6dliche Gefahr im Boden. Jetzt in unserer Audiothek zum Nachh\u00f6ren!","url":"https:\/\/freiesradio-nms.de\/2025\/thema-im-haart-cafe-landminen-in-fluechtlingslaendern-eine-toedliche-gefahr-im-boden-jetzt-in-unserer-audiothek-zum-nachhoeren\/","author_name":"Freies Radio Neum\u00fcnster - Aktuelle Berichte & Sendungen zum Nachh\u00f6ren","author_url":"https:\/\/freiesradio-nms.de","thumbnail_url":"http:\/\/audiothek.freiesradio-nms.de\/FRN%20Social%20Media%20Button%20iTunes.JPG","html":"<iframe width=\"560px\" height=\"140px\" src=\"https:\/\/freiesradio-nms.de\/2025\/thema-im-haart-cafe-landminen-in-fluechtlingslaendern-eine-toedliche-gefahr-im-boden-jetzt-in-unserer-audiothek-zum-nachhoeren\/?standalonePlayer\"><\/iframe>"}

Thema im Haart-Café:  Landminen in Flüchtlingsländern – eine tödliche Gefahr im Boden. Jetzt in unserer Audiothek zum Nachhören!

Freies Radio Neumünster - Aktuelle Berichte & Sendungen zum Nachhören
